- 959 - 22*c**2 + 1941 + 31*c - 3*c**3. Determine z(-23).
11
Let y(q) = -58*q**2 + 6*q + 26. Let p(k) = -164*k**2 + 17*k + 75. Let s(u) = -6*p(u) + 17*y(u). Give s(3).
-26
Suppose 9*x = 15 + 30. Let j(s) be the third derivative of 0 + 0*s + 15*s**2 + 5/6*s**3 - 1/24*s**4. What is j(x)?
0
Let v(j) = 8*j + 212. Let h = -4407 - -4381. Give v(h).
4
Let p(i) be the first derivative of -i**4/2 + 9*i**3 - 15*i**2/2 + 28*i + 2703. Determine p(13).
2
Let h(x) = x - 11. Let g(z) = z + 4. Let v be g(5). Let c(l) = 10*l - 592 + 590 - 2*l**2 - 3*l + 12*l. Let t be c(v). Calculate h(t).
-4
Let u(i) = 34*i**2 - 56*i + 117. Let y(k) = -6*k**2 + 11*k - 24. Let t(z) = 2*u(z) + 11*y(z). Give t(-9).
51
Let k(q) = -1015*q + 5077. Let m be k(5). Let h(p) = -p**3 + p**2 + 6*p - 10. Give h(m).
-2
Let t(j) be the third derivative of 51*j**2 + 0*j + 20/3*j**3 + 0 - 1/24*j**4. Give t(0).
40
Let x be -11 - (1 + 4 + -2). Let w(g) = 4*g + 50. Let f be w(x). Let j(d) = -d**3 - 5*d**2 + 3*d - 5. What is j(f)?
13
Let j be (-1)/(-1 + 2)*(82 + -87). Let q(h) = h**3 - 4*h**2 - 2*h - 21. What is q(j)?
-6
Let g(o) = -3*o + 87 + 103 + 2*o - 179. Give g(9).
2
Suppose -2 = x + 2. Suppose 69 = 6*l - 15. Let t(i) = -15*i**3 - 4*i**2 - i**2 - 6*i + l*i**3 + 150 - 156. Give t(x).
2
Let i(n) = n**2 + 6*n - 32. Let v = 21104 + -21099. Calculate i(v).
23
Let n(u) = -4*u**3 + 17*u**2 + 18*u - 13. Let p(q) = 7*q**3 - 34*q**2 - 36*q + 17. Let d(i) = -9*n(i) - 5*p(i). Calculate d(-16).
0
Let j(r) = 13*r - 25 + 83 - 214 + 3*r - 10*r. What is j(25)?
-6
Let b = -190 - -192. Let i(k) = 9*k**b + 20252 - 20245 - 9*k - k**3 - 9*k. What is i(6)?
7
Suppose 5 = -2*f - 3*i + 410, 0 = -2*f - i + 399. Suppose 87 = 5*p - f. Let l(u) = p + u**2 + u + 60 - 121. What is l(0)?
-4
Let m(v) = -v**3 + 7*v**2 - 5*v - 18. Let o(p) = 5*p - 380. Let h be o(77). Determine m(h).
7
Let l(d) = -12*d**2 + d - 3. Let f(y) = -13*y**2 + y - 4. Let r(q) = 3*f(q) - 4*l(q). Let b(z) = -z**3 + 6*z**2 + 24*z - 118. Let h be b(7). Calculate r(h).
8
Let k(z) = 2*z**3 + 0*z**3 + 2 - z**3 + 3 - z. Let j be k(0). Let n(o) = -o - 3 + j + 1 + 2. Give n(5).
0
Let r(i) = -i**2 - 26*i + 43. Let v(y) = -y**2 - 19*y + 41. Let n(d) = 3*r(d) - 4*v(d). What is n(7)?
0
Let s(h) = h**3 + h**2 - h - 1. Let i be 32/3*(6 + (-54)/12). Suppose -v - i*v = 0. Calculate s(v).
-1
Suppose -2321 = -20*t + 219. Suppose 2*y - 63 = t. Let x(l) = y*l**2 + 4*l + 6 + 2*l - 47*l**2 - 49*l**2. Calculate x(7).
-1
Suppose 45*s - 5343 = 6*s. Let z = s - 138. Let r(t) = t**3 + 2*t**2 + t + 1. Determine r(z).
1
Suppose b + 5*z = 10, -9 = 2*b + 4*z - 23. Let j(c) = b*c**2 + 1 - 10*c**2 + 8*c**2 - 7*c - 2*c**2. Determine j(7).
1
Suppose 2*t + 2*o - 18 = -4, -o + 39 = 5*t. Let y(m) = -t + 7*m + m + m + 6*m - 6*m - m**3 - 7*m**2. Let z(l) = -8*l**2. Let x be z(-1). What is y(x)?
-16
Let x(t) = -t**2 - 43*t - 203. Let a be x(-5). Let s(m) = -6*m - 82. What is s(a)?
-4
Let a(s) be the second derivative of -s**3 - 25*s**2/2 - 267*s. Give a(-4).
-1
Let q(i) = i - 3. Let l(j) = -5*j + 14. Let h(d) = -l(d) - 3*q(d). Let a(v) = 5*v - 9. Let p(o) = 3*a(o) - 7*h(o). Determine p(0).
8
Let s(i) = 2*i - 218. Let z(l) = -l + 97. Let w(k) = 4*s(k) + 9*z(k). Let b be 19 + ((-9)/3 - -2). Suppose 4*g - g = -b. Calculate w(g).
7
Let x(i) = -i - 3. Suppose 5*c - 14 = 2*c - 4*h, -5*h - 10 = c. Suppose -3*m + c = -5. Suppose -3*g = m*j - j + 6, 3*j = g + 2. Calculate x(j).
-3
Let g(f) be the second derivative of f**3/2 + 5*f**2 - 114217*f. Let a = 8 - 12. Give g(a).
-2
Let v(o) = 4*o**2 - 31*o + 37. Let u be v(7). Let w be -1 + 1 + (4 - 2). Let r(n) = -n + 10*n + 10 - n**3 - u + 7*n**w. What is r(8)?
2
Let d(a) be the first derivative of -a**4/4 + 10*a**3/3 + a**2/2 + 7*a + 4082. What is d(10)?
17
Let q(b) = -6*b**2 + 4*b - 204. Let t(o) = -o**2 - 25. Let n(h) = -q(h) + 8*t(h). What is n(-2)?
4
Let r(v) = 9*v - 38. Let b(a) = -5*a + 19. Let h(t) = -5*b(t) - 3*r(t). Let o be h(8). Let z be ((-5)/(-3) + (o - 3))*3. Let s(g) = g**2 - 5*g - 4. Give s(z).
-4
Let k(s) = -s**2 + s + 3. Suppose -52*j + 20*j = -608. Suppose -3*y = p - j, y + 1 = p + 2. Give k(p).
-9
Let l(z) = -141*z + 8. Let x(v) = 169*v - 8. Let k(j) = 6*l(j) + 5*x(j). What is k(1)?
7
Let v(i) = i**2 + 4*i - 17. Suppose 3*d = 5*k - 153, 0 = -2*k + d + 44 + 17. Suppose -k*u = 152 + 28. Determine v(u).
-5
Let x be 5/(25/(-30)) + (0 - -4). Let s(p) = -3*p**3 + 2*p**2 + 4. Let r(q) = 4*q**3 - q**2 - 5. Let k(a) = x*r(a) - 3*s(a). Give k(4).
-2
Let w(l) = -4181*l - 4169*l - 23 + 8339*l. What is w(-7)?
54
Let r(g) = g + 1. Let j(p) = 4*p + 6. Let v(c) = 2*j(c) - 10*r(c). Suppose 6*k + 28 = -2. Calculate v(k).
12
Suppose 4 = c, 3*d - 2*d + 2*c = -18. Let q = 28 + d. Let h(i) = q*i**2 + 5 - 7*i - 2 + 10*i. Calculate h(-3).
12
Let z(f) be the first derivative of f**5/40 - 13*f**4/24 + 8*f**3 + 90. Let w(t) be the third derivative of z(t). Determine w(9).
14
Let y(i) = 1 + 1 + i + 2*i - i. Let b(q) = q**2 - 19*q + 3. Let k be b(19). Suppose -k*s + 26 = 14. Give y(s).
10
Let x(w) be the third derivative of 7*w**2 + 1/120*w**6 + 0 + 7/6*w**3 + 0*w + 1/10*w**5 + 1/8*w**4. Suppose t = -3, 3*k - 17*t + 12*t = -3. Determine x(k).
-11
Let g(x) = x**2 + 4*x - 9. Let w = 293 + -109. Let y = w - 189. Give g(y).
-4
Let j = -15851 - -15856. Let d(x) be the third derivative of 1/20*x**j - 1/3*x**3 - 23*x**2 + 0*x - 5/24*x**4 + 0 + 1/120*x**6. Give d(-3).
13
Let x(n) be the first derivative of 4*n**3/3 - 35*n**2/2 - 4*n - 8461. Determine x(9).
5
Let s(z) = 13*z - 23. Let x(a) = 28*a - 48. Let n be ((-36)/16)/(3/(-8)). Let g(f) = n*x(f) - 13*s(f). Give g(10).
1
Let k(r) = 67*r**3 + 8*r**2 + r + 32. Let h(c) = -27*c**3 - 4*c**2 - c - 16. Let t(b) = 5*h(b) + 2*k(b). What is t(-5)?
24
Suppose 0 = -l + 14 - 12. Let f(b) = l + 1 + 83*b**2 - 85*b**2 - 10*b. What is f(-7)?
-25
Suppose b - 5*d = -83 + 55, -35 = -5*d. Let v(l) = -4 - 2 + 8*l - 3*l**2 + 2*l**2. Determine v(b).
1
Let q(c) = -c**3 - 3*c**2 - 2*c - 3. Let r be (1*2/4)/(44/880). Let i(w) = -3 + 16 + r*w - 6*w. Let x be i(-4). Give q(x).
3
Suppose 50 = -15*b + 10*b. Let r(n) = -n + 5. Give r(b).
15
Let f = 1012 - 1000. Let h(y) = -2*y**3 + 24*y**2 + y + 3. Give h(f).
15
Let z(a) = -4 - 435*a**2 - 80*a + 444*a**2 + 3 - 3. Give z(9).
5
Let x = 429 + -424. Let t = -6 + 8. Let s(k) = -3*k**2 - t - 1 + x - 3*k - 1. Calculate s(2).
-17
Let q(c) be the first derivative of c**4/4 - 2*c**3/3 - 2*c**2 - 2*c + 18. Suppose 1 = 26*b - 77. What is q(b)?
-5
Let c(j) = -j**2 - 3*j + 2. Let v be (-312)/208 - (-3)/2*-1. Let g be c(v). Let k(q) = 2*q - 6*q - 5*q**2 + 2*q - 2*q - g - q**3. Give k(-2).
-6
Suppose 3*k = -3*l + 10 + 5, 0 = -2*k + 6. Let h(d) = d + l*d - 4*d + 6. Let i be ((3/(-2))/(9/(-15)))/(18/36). Calculate h(i).
1
Let k be (6/(-4))/(66/(-8) - -8). Suppose -3*m + 15 = 77*w - 79*w, 0 = -m - 3*w - k. Let v(q) = -q**3 - 3*q**2 - 1 + 2*q**3 + 0*q**3. Give v(m).
-1
Let p(f) = -5*f**2 - 12*f + 85. Let u(y) = -9*y**2 - 21*y + 174. Let i(a) = -7*p(a) + 4*u(a). Calculate i(-9).
20
Suppose -3*j - 19 = -0*y - y, -4*j = -2*y + 24. Let s(v) = 4*v**3 - 6*v**2 - 8*v**3 + 3*v - 10 + 3*v**3 + v. What is s(j)?
11
Let k(s) be the first derivative of 2*s**2 + 64*s - 2178. Determine k(-18).
-8
Suppose s - 5*v + 19 = 0, 26 = 5*s - 2*v + 6. Let z(o) = 2*o - 14. Calculate z(s).
-2
Suppose -3936*u = -3940*u - 32. Let y(h) = -h**2 - 12*h - 40. What is y(u)?
-8
Let q(h) = -h + 2. Let b(r) = 14*r + 27. Let n be b(-3). Let v be -6*(n/(-9) + -1). What is q(v)?
6
Let o be 1/3 + (-2115)/27. Let y = o - -76. Let q(l) be the second derivative of -5*l**3/6 + l**2/2 + 11*l. Give q(y).
11
Let m(f) = 29*f - 13*f**2 - 20*f**2 - 3*f**2 + 2*f**3 + 120 - 106. Give m(17).
-71
Let g be (-2 + ((-20)/8 - -4))*0. Suppose g = -9*v + 120 - 21. Let l(i) be the third derivative of i**5/60 - 11*i**4/24 - 2*i**3/3 + 4*i**2. Calculate l(v).
-4
Let x(c) be the first derivative of -3/2*c**4 + 0*c**3 + 1/2*c**2 + 32 + 0*c. What is x(1)?
-5
Let c(w) be the third derivative of -w**4/24 + 3*w**2. Let i = 147 - 147. Suppose i = o - 4*k - 11, -4*k = o + 2 + 3. Calculate c(o).
-3
Let w(f) = -3*f + 21. Let k(r) = 11*r + 34. Let u(a) = -8*a - 23. Let z(n) = 5*k(n) + 7*u(n). Let d(c) = 2*w(c) - 5*z(c). Let b = -9 + 13. Determine d(b).
-7
Let x(r) = -r**3 + 47*r**2 + 47*r 